{"id":15272,"date":"2023-01-11T14:31:29","date_gmt":"2023-01-11T11:31:29","guid":{"rendered":"https:\/\/vitavia.ee\/kasvuhoone\/?post_type=product&#038;p=15272"},"modified":"2024-04-25T12:01:25","modified_gmt":"2024-04-25T09:01:25","slug":"kasvuhoone-vitavia-fortuna","status":"publish","type":"product","link":"https:\/\/vitavia.ee\/kasvuhoone\/toode\/kasvuhoone-vitavia-fortuna\/","title":{"rendered":"Kasvuhoone Vitavia Fortuna"},"content":{"rendered":"<h3><strong>Kasvuhoone &#8211; Vitavia FORTUNA \/ kasvuhoone kahe hingedel uksega \/ 3,21 m x 3,21 m.<\/strong><\/h3>\n<p>Kasvuhoone v\u00f5i aiapaviljon, mis sobib ka talveaiaks.<br \/>\nLaiad ja lukustatavad hingedel uksed v\u00f5imaldavad avara ja kerge sissep\u00e4\u00e4su.<br \/>\nTugev anodeeritud alumiiniumraam ja avarad 3 mm paksused karastatud klaasist k\u00fcljepaneelid teevad selle v\u00e4ga valgusk\u00fcllaseks.<br \/>\nK\u00f5rgete k\u00fclgede ja katusega kasvuhoones saab p\u00fcsti seista terve kasvuhoone ulatuses.<br \/>\nFortunal on\u00a0 3 k\u00fcljeakent ja vihmaveetorud k\u00f5igis neljas nurgas. Katuse all\u00e4\u00e4res on vihmaveerenn.avajad.<\/p>\n<p><strong>Fortuna kasvuhoone erinevate mudelite suurustabel:<\/strong><\/p>\n<div class=\"tabel-scroll-x\">\n<table class=\"spec\" border=\"0\">\n<tbody>\n<tr>\n<th style=\"text-align: left;\" width=\"90\">Mudel<\/th>\n<th style=\"text-align: left;\" width=\"72\">Pindala<\/th>\n<th style=\"text-align: left;\" width=\"72\">Pikkus<\/th>\n<th style=\"text-align: left;\" width=\"72\">Laius<\/th>\n<th style=\"text-align: left;\" width=\"72\">K\u00fclg<\/th>\n<th style=\"text-align: left;\" width=\"72\">K\u00f5rgus<\/th>\n<th style=\"text-align: left;\" width=\"50\">Aknaid<\/th>\n<\/tr>\n<tr>\n<td>Fortuna<\/td>\n<td>10,2m\u00b2<\/td>\n<td>3.21m<\/td>\n<td>3.21m<\/td>\n<td>\u00a01,88 m<\/td>\n<td>2.65m<\/td>\n<td>3<\/td>\n<\/tr>\n<\/tbody>\n<\/table>\n<\/div>\n<p><em>&#8211; v\u00e4rvivalikuna must<br \/>\n&#8211; kattena k\u00fclgedel 3 mm t\u00e4ispaneel karastatud klaas. Katusel 10 mm pol\u00fckarbonaat.<br \/>\n&#8211; ees 2 hingedel ust<br \/>\n&#8211; 3 k\u00fcljeakent<br \/>\n&#8211; k\u00f5ikidel mudelitel alusraam<\/em><\/p>\n<p>Karkass on alumiiniumist pulberv\u00e4rvitud must.<\/p>\n<p>V\u00f5imalik tellida erinevat lisavarustust: sisemised riiulid, termomeetreid jne.<\/p>\n<h4><strong><a href=\"https:\/\/vitavia.ee\/kasvuhoone\/tootekategooria\/kasvuhoone-lisavarustus\/\" target=\"_blank\" rel=\"noopener noreferrer\">Vaata lisavarustust<\/a><\/strong><\/h4>\n<p><em>Fortunal on paigalduseks vajalik kas vundament v\u00f5i eelnevalt valmisolev kivipind\u00a0 \/ puitterrass.<br \/>\nKasvuhoonel on alusraam, millega saate seda kinnitada\u00a0 kas vundamendile v\u00f5i siis puitterrassile \/ kivipinnale.<br \/>\nToote hind sisaldab jalgadeta alusraami.<\/em><\/p>\n<h3><a href=\"https:\/\/youtu.be\/-4zXyeMetnM\" target=\"_blank\" rel=\"noopener noreferrer\">Vitavia tutvustusvideo <\/a><\/h3>\n","protected":false},"excerpt":{"rendered":"<p><span title=\"Vaata k\u00f5iki m\u00f5\u00f5te allpool tabelis\">3,21m x 3,21m = 10,2m\u00b2<\/span><br \/>\n<span style=\"color: #f5bd2f;\"><strong>Kuumakse al. 391,25 \u20ac<\/strong><\/span><\/p>\n","protected":false},"featured_media":15281,"comment_status":"open","ping_status":"closed","template":"","meta":[],"product_brand":[],"product_cat":[1167],"product_tag":[1512,253,254,257,1168,247,248,1511,249],"class_list":{"0":"post-15272","1":"product","2":"type-product","3":"status-publish","4":"has-post-thumbnail","6":"product_cat-fortuna","7":"product_tag-kuljed-karastatud-klaas-ja-katus-polukarbonaat","8":"product_tag-kasvumaja","9":"product_tag-kasvumajad","10":"product_tag-vitavia","11":"product_tag-fortuna","12":"product_tag-kasvuhoone","13":"product_tag-kasvuhooned","14":"product_tag-karastatud-klaas","15":"product_tag-klaaskasvuhoone","16":"pa_kattematerjal-kuljed-3-mm-karastatud-klaas-ja-katus-10-mm-polukarbonaat","17":"pa_kulje-korgus-188-m","18":"pa_laius-314-m","19":"pa_pikkus-314-m","20":"pa_pindala-102-m","21":"pa_pindala_vahemik-9-12-m","22":"pa_tipu-korgus-265-m","23":"pa_varv-must","24":"infinite-scroll-item","25":"no-featured-image-padding","26":"sales-flash-overlay","27":"woocommerce-text-align-left","28":"woocommerce-image-align-center","29":"do-quantity-buttons","31":"first","32":"instock","33":"sale","34":"shipping-taxable","35":"purchasable","36":"product-type-variable","37":"has-default-attributes"},"_links":{"self":[{"href":"https:\/\/vitavia.ee\/kasvuhoone\/wp-json\/wp\/v2\/product\/15272","targetHints":{"allow":["GET"]}}],"collection":[{"href":"https:\/\/vitavia.ee\/kasvuhoone\/wp-json\/wp\/v2\/product"}],"about":[{"href":"https:\/\/vitavia.ee\/kasvuhoone\/wp-json\/wp\/v2\/types\/product"}],"replies":[{"embeddable":true,"href":"https:\/\/vitavia.ee\/kasvuhoone\/wp-json\/wp\/v2\/comments?post=15272"}],"wp:featuredmedia":[{"embeddable":true,"href":"https:\/\/vitavia.ee\/kasvuhoone\/wp-json\/wp\/v2\/media\/15281"}],"wp:attachment":[{"href":"https:\/\/vitavia.ee\/kasvuhoone\/wp-json\/wp\/v2\/media?parent=15272"}],"wp:term":[{"taxonomy":"product_brand","embeddable":true,"href":"https:\/\/vitavia.ee\/kasvuhoone\/wp-json\/wp\/v2\/product_brand?post=15272"},{"taxonomy":"product_cat","embeddable":true,"href":"https:\/\/vitavia.ee\/kasvuhoone\/wp-json\/wp\/v2\/product_cat?post=15272"},{"taxonomy":"product_tag","embeddable":true,"href":"https:\/\/vitavia.ee\/kasvuhoone\/wp-json\/wp\/v2\/product_tag?post=15272"}],"curies":[{"name":"wp","href":"https:\/\/api.w.org\/{rel}","templated":true}]}}