{"id":22538,"date":"2024-02-13T17:48:52","date_gmt":"2024-02-13T14:48:52","guid":{"rendered":"https:\/\/vitavia.ee\/kasvuhoone\/?post_type=product&#038;p=22538"},"modified":"2024-02-13T18:07:48","modified_gmt":"2024-02-13T15:07:48","slug":"vertikaalne-aiandus-peenramoodul-24-taimele","status":"publish","type":"product","link":"https:\/\/vitavia.ee\/kasvuhoone\/toode\/vertikaalne-aiandus-peenramoodul-24-taimele\/","title":{"rendered":"Vertikaalne aiandus \u2013 peenramoodul 24 taimele"},"content":{"rendered":"<h1><strong>Vertikaalsed peenrad nii\u00a0sise- kui v\u00e4litingimustesse.<\/strong><\/h1>\n<h4>Vertikaalne miniaed v\u00f5imaldab \u00e4\u00e4rmiselt ruumis\u00e4\u00e4stlikku taimekasvatust. Ehk v\u00e4hene pind ei ole enam p\u00f5hjuseks, et sa kodus v\u00e4ikest aeda pidada ei saa.<\/h4>\n<p>Mooduleid on lihtne paigaldada nii seinale kui ka maha. Dekoratiivsed ja ruumis\u00e4\u00e4stlikud nii kodus, aias kui ka kontoris.<br \/>\nVertikaalse miniaiaga leiad alati koha, kus midagi kasvama panna.<\/p>\n<h3><b>Peenramoodul sisaldab kastmiss\u00fcsteemi ja seinakinnitusi.<\/b><\/h3>\n<p><strong>Kaheksarealine moodulkomplekt 24 taime kohaga.<br \/>\n\u2013\u00a0<\/strong>\u00dche 3 taimekohaga mooduli suurus\u00a0 64 x 19 x 17 cm \u2013 12l (0,72kg)<br \/>\n\u2013 Mooduli aluse suurus 64 x 14 x 3 cm<br \/>\n<strong>V\u00e4rv: valge, must, roheline<br \/>\nMaterjal: UV-kaitsega plastik<\/strong><\/p>\n<h4><strong>HINNAD:<\/strong><br \/>\n<strong>Komplekti hind (kaheksa rida \u2013 a\u20193 taimekohta)\u00a0\u2013 179,00 eur<br \/>\n<\/strong><strong>Alumine L-seinakinnitus \u2013 10 eur<br \/>\nLisa seinakinnituse klambrid \u2013 10 eur<\/strong><\/h4>\n<blockquote><p>UV-kaitse<br \/>\nV\u00e4litingimustes kuni -20 kraadi<br \/>\nKerge<br \/>\nIdeaalne nii koju, aeda kui ka kontorisse<br \/>\nK\u00f5rgkvaliteetne<\/p><\/blockquote>\n<h3><strong>Verikaalne aiandus<\/strong>\u00a0 \u2013 ideaalne tuppa, kontorisse, aeda, r\u00f5dudele v\u00f5i terrassidele<br \/>\n<strong>ja sinu \u00fcmbrus on alati roheline.<\/strong><\/h3>\n<h2>S\u00c4TI OMA TAIMED VERTIKAALSELT!<\/h2>\n<h3>Innovatiivne\u00a0moodulpott, mille k\u00f5rgust ja joondust saab lihtsalt muuta.<\/h3>\n<p><strong><em>LIHTNE JA ROHELINE!<\/em><\/strong><\/p>\n","protected":false},"excerpt":{"rendered":"<p>Suurus \u00a064 x 19\u00a0 x 147 cm<\/p>\n","protected":false},"featured_media":22544,"comment_status":"closed","ping_status":"closed","template":"","meta":[],"product_brand":[],"product_cat":[288],"product_tag":[281,283,295],"class_list":{"0":"post-22538","1":"product","2":"type-product","3":"status-publish","4":"has-post-thumbnail","6":"product_cat-kastmissusteemiga-lillepotid","7":"product_tag-lillepotid","8":"product_tag-kastmissusteemiga-taimepotid","9":"product_tag-kastmissusteemiga-lillepotid","10":"infinite-scroll-item","11":"no-featured-image-padding","12":"sales-flash-overlay","13":"woocommerce-text-align-left","14":"woocommerce-image-align-center","15":"do-quantity-buttons","17":"first","18":"instock","19":"shipping-taxable","20":"purchasable","21":"product-type-simple"},"_links":{"self":[{"href":"https:\/\/vitavia.ee\/kasvuhoone\/wp-json\/wp\/v2\/product\/22538","targetHints":{"allow":["GET"]}}],"collection":[{"href":"https:\/\/vitavia.ee\/kasvuhoone\/wp-json\/wp\/v2\/product"}],"about":[{"href":"https:\/\/vitavia.ee\/kasvuhoone\/wp-json\/wp\/v2\/types\/product"}],"replies":[{"embeddable":true,"href":"https:\/\/vitavia.ee\/kasvuhoone\/wp-json\/wp\/v2\/comments?post=22538"}],"wp:featuredmedia":[{"embeddable":true,"href":"https:\/\/vitavia.ee\/kasvuhoone\/wp-json\/wp\/v2\/media\/22544"}],"wp:attachment":[{"href":"https:\/\/vitavia.ee\/kasvuhoone\/wp-json\/wp\/v2\/media?parent=22538"}],"wp:term":[{"taxonomy":"product_brand","embeddable":true,"href":"https:\/\/vitavia.ee\/kasvuhoone\/wp-json\/wp\/v2\/product_brand?post=22538"},{"taxonomy":"product_cat","embeddable":true,"href":"https:\/\/vitavia.ee\/kasvuhoone\/wp-json\/wp\/v2\/product_cat?post=22538"},{"taxonomy":"product_tag","embeddable":true,"href":"https:\/\/vitavia.ee\/kasvuhoone\/wp-json\/wp\/v2\/product_tag?post=22538"}],"curies":[{"name":"wp","href":"https:\/\/api.w.org\/{rel}","templated":true}]}}